 n(t) = t - 4. What is n(0)?
-4
Let x(b) = b**3 + 6*b**2 + 2. Give x(-6).
2
Let z(j) = -5*j**2 + 7*j - 2. Give z(2).
-8
Let b(j) = j**3 - 20*j**2 - 41*j - 36. Give b(22).
30
Let u(w) = w**3 + 5*w**2 - 7*w + 31. What is u(-7)?
-18
Let i(d) = d**3 - 17*d**2 + 32*d - 19. Determine i(15).
11
Let s(p) = -10*p - 153. Determine s(-15).
-3
Let r(g) = 2*g**2 + 14*g + 10. Determine r(-6).
-2
Let x(o) = -o**3 + 6*o**2 + 18*o - 26. Determine x(8).
-10
Let q(d) = -d**3 + 5*d**2 + 14*d + 12. Determine q(7).
12
Let k(n) = 9*n + 44. Determine k(-6).
-10
Let r(g) = -2*g**2 - 16*g + 43. Calculate r(-13).
-87
Let a(g) = -32*g - 74. Give a(-2).
-10
Let g(j) = -2*j + 12. What is g(10)?
-8
Let t(i) = -i**2 - 30*i - 13. Give t(-30).
-13
Let l(p) = 62*p**2. Calculate l(-1).
62
Let l(c) = -3*c**2 + 3*c. Give l(2).
-6
Let q(t) = t**3 + 3*t**2 + 2*t + 3. Give q(-4).
-21
Let p(a) = -a**3 + 13*a**2 + a + 74. Calculate p(13).
87
Let w(m) = m**3 - 11*m - 1. What is w(-4)?
-21
Let x(g) = g**2 + g - 13. Determine x(6).
29
Let k(a) = -5*a**2 + 40*a - 3. Determine k(8).
-3
Let n(k) = -k**3 + 2*k**2 - 18. Calculate n(0).
-18
Let p(q) = -37*q + 141. Determine p(4).
-7
Let n(z) = -z**2 - 4*z + 68. Determine n(-11).
-9
Let b(u) = u**2 - 9*u - 31. Calculate b(-4).
21
Let o(y) = -y**2 - 14*y + 74. What is o(-18)?
2
Let a(i) = -i**2 - 20*i + 466. What is a(14)?
-10
Let g(a) = -20*a**2 + 3*a. Give g(-2).
-86
Let l(k) = -k**3 - 9*k**2 - 10*k - 8. What is l(-8)?
8
Let h(c) = -2*c**2 + 2*c - 1. Give h(-4).
-41
Let r(v) = -v + 13. Determine r(6).
7
Let y(g) = -g - 6. What is y(4)?
-10
Let o(c) = 2*c + 14. Determine o(-4).
6
Let s(t) = t**3 + 3*t**2 + t - 1. Calculate s(-3).
-4
Let g(b) = 74*b - 3. Give g(1).
71
Let w(g) = -g**3 + 8*g**2 - 7*g + 3. Calculate w(3).
27
Let g(q) = -q**2 - 5*q + 1. Determine g(-3).
7
Let b(r) = 2*r + 10. Determine b(-7).
-4
Let b(f) = -2*f**2 - 9*f + 36. Determine b(4).
-32
Let j(x) = 3*x**3 - 21*x**2 - 2*x + 11. Give j(7).
-3
Let c(u) = -10*u - 40. Determine c(-7).
30
Let a(k) = -7*k - 3. Determine a(-2).
11
Let w(o) = -11*o - 152. Determine w(-13).
-9
Let b(m) = -26*m**3 - m**2. Determine b(1).
-27
Let g(v) = -2*v**2 + 7*v + 4. What is g(4)?
0
Let r(s) = s**3 + 6*s - 3. Calculate r(0).
-3
Let a(i) = -i**2 + 28*i + 81. Determine a(30).
21
Let u(s) = -4*s - 70. Determine u(-16).
-6
Let f(d) = d**2 - 21*d + 17. Give f(20).
-3
Let t(c) = 10*c - 79. What is t(5)?
-29
Let y(h) = 5*h - 21. Calculate y(6).
9
Let z(w) = 2*w**2 + 1. Determine z(1).
3
Let c(v) = v**2 - 14*v + 41. Determine c(11).
8
Let c(p) = -p**2 + 7*p + 15. Give c(8).
7
Let v(a) = -a**2 + a. Calculate v(4).
-12
Let b(n) = n**3 - 11*n**2 + 9*n + 15. Determine b(10).
5
Let h(i) = i**3 + 5*i**2 + 7*i + 1. Calculate h(-4).
-11
Let v(m) = m + 11. Calculate v(-23).
-12
Let c(o) = -o**3 - 8*o**2 - 5*o - 10. Give c(-8).
30
Let j(m) = -m**2 + 26*m + 1. Calculate j(26).
1
Let r(t) = 3*t + 1. What is r(4)?
13
Let u(r) = -r**3 + 2*r**2 + 8*r - 6. Give u(3).
9
Let n(u) = -u**2 - 8*u - 23. Calculate n(-4).
-7
Let d(s) = 12*s + 74. Determine d(-8).
-22
Let u(v) = -2*v**2 + 9*v - 1. Determine u(4).
3
Let d(f) = -f**3 + 3*f**2 + 3*f - 1. Calculate d(4).
-5
Let y(b) = -b**2 - 4*b - 3. Give y(-2).
1
Let b(a) = -2*a + 1. Give b(1).
-1
Let k(n) = 5*n + 9. Calculate k(4).
29
Let o(n) = -n**3 + 3*n**2 - 4*n + 2. Determine o(2).
-2
Let z(t) = -t**2 - 14*t + 13. What is z(-16)?
-19
Let o(k) = -k**2 - 7*k - 15. Determine o(-8).
-23
Let d(m) = 5*m**3 - 5*m**2 + 10*m - 5. What is d(2)?
35
Let o(b) = -55*b + 168. Calculate o(3).
3
Let p(y) = -5*y**2 + 7*y + 5. Calculate p(-1).
-7
Let p(d) = d**3 + 9*d**2 + 18*d - 1. Determine p(-3).
-1
Let q(g) = -6*g**3 - g**2 - 1. Determine q(1).
-8
Let u(a) = -a**2 + 27*a - 167. Give u(19).
-15
Let t(y) = 3*y - 13. Give t(4).
-1
Let k(b) = b**3 - 7*b**2 + 4*b + 4. Calculate k(7).
32
Let h(b) = 2*b + 3. Calculate h(3).
9
Let u(g) = -g**3 + 20*g**2 - g + 46. What is u(20)?
26
Let c(d) = -2*d**2 + 27*d - 70. What is c(11)?
-15
Let h(n) = 6*n**2 + 24*n - 8. What is h(-4)?
-8
Let g(n) = 61*n - 372. Give g(6).
-6
Let d(b) = -12*b**3 - b**2 + 3*b + 2. Give d(-1).
10
Let r(u) = -u + 5. Calculate r(13).
-8
Let h(z) = -2*z**2 + 5*z + 7. What is h(-3)?
-26
Let g(l) = -2*l**2 - 25*l - 39. Calculate g(-11).
-6
Let g(d) = 4*d - 35. Give g(10).
5
Let i(d) = 68*d**3 - 4*d**2 - d + 2. Give i(1).
65
Let n(d) = -32*d + 92. Determine n(3).
-4
Let z(i) = i**2 - 58*i - 124. Determine z(60).
-4
Let r(v) = -18*v + 23. What is r(6)?
-85
Let r(n) = -3*n - 40. Give r(-14).
2
Let c(x) = -5*x**3 + 2*x**2 - 1. Calculate c(-1).
6
Let m(t) = -t**2 + 7*t + 12. What is m(10)?
-18
Let w(a) = -13*a**2 - 2*a + 1. What is w(1)?
-14
Let u(q) = -q**3 + 11*q**2 + 15*q - 42. Determine u(12).
-6
Let m(s) = -s**2 - 2*s - 4. What is m(7)?
-67
Let g(i) = 3*i**2 + 3*i - 14. What is g(3)?
22
Let l(y) = 2*y**2 - y - 5. Calculate l(-4).
31
Let y(p) = -p**3 + 4*p**2 - 4*p - 1. Determine y(3).
-4
Let d(y) = -y**2 + 8*y - 5. Give d(7).
2
Let r(i) = i**3 + 7*i**2 + 13*i + 14. Give r(-5).
-1
Let d(v) = 3*v**2 - 7*v - 30. Give d(-3).
18
Let h(s) = -4*s**3 - 4*s**2 - 4*s - 2. What is h(-2)?
22
Let t(g) = 4*g - 4. Calculate t(2).
4
Let k(a) = -a**2 - 21*a + 23. Give k(-22).
1
Let v(s) = -s**3 - s**2 + 8*s - 4. Give v(3).
-16
Let r(q) = 87*q - 73. Give r(1).
14
Let t(o) = o**2 + 4*o - 10. What is t(0)?
-10
Let n(z) = 2*z**3 - 10*z - 11. Calculate n(-2).
-7
Let v(w) = w**3 - 6*w**2 + w - 9. Give v(6).
-3
Let u(v) = v**3 + 8*v**2 + 9*v + 1. Determine u(-7).
-13
Let t(b) = -b**3 + 13*b**2 + 29*b - 20. What is t(15)?
-35
Let q(c) = -3*c - 8. Determine q(-8).
16
Let g(d) = 9*d**3 - 2*d**2 - d + 2. What is g(0)?
2
Let b(v) = v**3 - v**2 - 4*v - 2. What is b(3)?
4
Let w(p) = 29*p + 1. Give w(-1).
-28
Let d(k) = -k**2 - k + 13. Calculate d(0).
13
Let w(l) = l**3 + 11*l**2 - 4*l - 24. Calculate w(-11).
20
Let k(d) = -11*d + 1. What is k(-13)?
144
Let k(y) = 6*y + 2. Determine k(-1).
-4
Let d(n) = 19*n**2. What is d(-2)?
76
Let w(j) = -15*j + 14. Calculate w(3).
-31
Let j(d) = -d**2 + 20*d + 14. What is j(20)?
14
Let z(q) = -2*q**2 - 4. Calculate z(0).
-4
Let x(j) = j**3 + 26*j**2 - 32*j. What is x(-27)?
135
Let n(u) = -u**3 + 15*u**2 - 4*u + 15. Calculate n(15).
-45
Let x(a) = -a**2 - 2. What is x(0)?
-2
Let u(l) = l**2 - 5*l - 6. Calculate u(6).
0
Let j(v) = v - 5. Determine j(-1).
-6
Let l(g) = g**2 + 14*g - 62. Determine l(-18).
10
Let o(r) = r - 2. Give o(8).
6
Let x(b) = -91*b + 1281. What is x(14)?
7
Let b(c) = 8*c + 177. What is b(-24)?
-15
Let g(j) = j**2 + 3*j - 2. Give g(-6).
16
Let d(i) = -i**3 - 8*i**2 - 14*i - 12. Determine d(-5).
-17
Let m(b) = -b**3 - 10*b**2 + 26*b + 22. Determine m(-12).
-2
Let s(i) = -10*i**2 - 2*i - 1. What is s(-4)?
-153
Let l(m) = -m**2 - 24*m + 90. Determine l(-27).
9
Let j(l) = -l**3 - 11*l**2 + 14*l - 10. Determine j(-12).
-34
Let f(n) = n - 4. Give f(4).
0
Let h(a) = -a**3 + 13*a**2 - 12*a - 6. Give h(12).
-6
Let j(u) = -4*u - 142. What is j(-41)?
22
Let l(v) = -v**2 - 23*v + 29. What is l(-24)?
5
Let a(i) = -6*i - 7. Determine a(-13).
71
Let h(a) = -46*a + 37. What is h(1)?
-9
Let h(t) = -t**2 - 7*t - 13. Calculate h(-6).
-7
Let c(u) = -u**2 + 6*u - 12. Give c(9).
-39
Let z(a) = -a**2 + 4*a + 15. Calculate z(8).
-17
Let t(k) = 2*k - 31. Determine t(14).
-3
Let y(p) = p**3 + 11*p**2 - 16*p - 14. Calculate y(-12).
34
Let f(n) = n**3 - 15*n**2 + 27*n - 5. What is f(13)?
8
Let n(r) = -4*r**2 - 4. Give n(2).
-20
Let r(b) = b**2 + 14*b - 17. Give r(-13).
-30
Let i(l) = l - 15. What is i(34)?
19
Let x(j) = -j**3 + j**2 - j + 38. Determine x(0).
38
Let a(w) = -w**3 + 19*w**2 - 4*w + 64. What is a(19)?
-12
Let l(s) = -5*s - 40. Determine l(-8).
0
Let s(x) = -x**3 + 14*x**2 + x + 20. Determine s(14).
34
Let r(y) = y**3 - 6*y**2 + 4*y + 1. Give r(3).
-14
Let z(u) = u**3 + 20*u**2 - 2*u + 20. Determine z(-20).
60
Let j(v) = 16*v. Determine j(1).
16
Let v(i) = 8*i - 37. What is v(5)?
3
Let b(g) = 2*g**3 - 3*g**2 - g + 16. Give b(3).
40
Let g(b) = -b + 13. What is g(6)?
7
Let u(y) = y**3 - 7*y**2 + y + 5. Give u(5).
-40
Let p(x) = -x**2 - 4*x + 8. Calculate p(-7).
-13
Let x(z) = z**2 + 5*z - 21. Determine x(-10).
29
Let z(o) = -o**2 - 17*o - 15. Give z(-17).
-15
Let h(c) = 5*c + 4. Calculate h(11).
59
Let i(l) = -l**2 - 12*l 